{"id":11,"date":"2024-03-15T09:21:15","date_gmt":"2024-03-15T09:21:15","guid":{"rendered":"https:\/\/www.devrimciproletarya.net\/?page_id=11"},"modified":"2024-03-15T09:24:35","modified_gmt":"2024-03-15T09:24:35","slug":"istanbul-belediye-iscilerinin-grev-kararliligi","status":"publish","type":"page","link":"https:\/\/www.devrimciproletarya.net\/?page_id=11","title":{"rendered":"\u0130stanbul belediye i\u015f\u00e7ilerinin grev kararl\u0131l\u0131\u011f\u0131!"},"content":{"rendered":"\n<p>\u0130stanbul Kad\u0131k\u00f6y, Kartal ve Ata\u015fehir Belediyelerinde Fen \u0130\u015fleri ve d\u0131\u015f temizlik i\u015f\u00e7ileri bug\u00fcn 2 saat i\u015f durdurdular. Y\u00fczlerce i\u015f\u00e7i i\u015f durdurmay\u0131 i\u015f \u00e7\u0131k\u0131\u015f saatine kadar uzatarak, hava karar\u0131nca ate\u015fler yak\u0131p grev halaylar\u0131 \u00e7ektiler.<\/p>\n\n\n\n<p>Kad\u0131k\u00f6y, Kartal ve Ata\u015fehir Belediyelerinde T\u0130S s\u00fcrecinin t\u0131kanmas\u0131yla Genel-\u0130\u015f Sendikas\u0131 grev karar\u0131 alm\u0131\u015ft\u0131. Grev karar\u0131n\u0131n as\u0131lmas\u0131ndan sonra 60 g\u00fcnl\u00fck greve \u00e7\u0131kma s\u00fcresinin dolmas\u0131na 3 g\u00fcn kala, belediye i\u015f\u00e7ileri de eylemlerini art\u0131rarak grev kararl\u0131l\u0131klar\u0131n\u0131 g\u00f6steriyor.<\/p>\n\n\n\n<p>Belediye i\u015f\u00e7ilerinin kar\u015f\u0131s\u0131nda ise CHP\u2019li belediyelerin ge\u00e7en Eyl\u00fcl ay\u0131nda kurdu\u011fu i\u015fveren sendikas\u0131 SODEMSEN (Sosyal Demokrat Kamu \u0130\u015fverenleri Sendikas\u0131) var. 400 milyon lirayla kuruldu\u011fu s\u00f6yleyen SODEMSEN\u2019den sonra CHP\u2019li belediyeler, kadrolu i\u015f\u00e7ilerle 2018\u2019de KHK\u2019yle belediye \u015firketlerine ge\u00e7irilen eski ta\u015feron i\u015f\u00e7ileri b\u00f6lme, bazen bir bazen di\u011fer i\u015f\u00e7i kesiminin ikramiye ve \u00f6\u011frenim paralar\u0131n\u0131 \u00f6dememe gibi uygulamalar ba\u015flatm\u0131\u015flard\u0131.<\/p>\n\n\n\n<p>Buna kar\u015f\u0131l\u0131k 3 belediyeden i\u015f\u00e7i temsilcileri bir araya gelerek bir T\u0130S ve sonra grev komitesi olu\u015fturdular. Sendikac\u0131lar\u0131n \u00f6denmeyen i\u015f\u00e7i alacaklar\u0131 ve T\u0130S i\u00e7in Belediye patronlar\u0131yla yapacaklar\u0131 g\u00f6r\u00fc\u015fmelerde i\u015f\u00e7i temsilcilerinin de yer almas\u0131n\u0131 ve T\u0130S taleplerinin i\u015f\u00e7iler taraf\u0131ndan belirlenmesini istediler ve bunu sa\u011flad\u0131lar.<\/p>\n\n\n\n<p>\u00dc\u00e7 belediyeden bir araya gelen i\u015fyeri i\u015f\u00e7i temsilcileri, bir T\u0130S tasla\u011f\u0131 haz\u0131rlay\u0131p bunu sosyal medya platformlar\u0131 \u00fczerinden t\u00fcm i\u015f\u00e7ilere a\u00e7t\u0131lar. Tasla\u011f\u0131n son \u015feklinin taban taraf\u0131ndan tart\u0131\u015f\u0131larak verilmesini sa\u011flad\u0131lar.<\/p>\n\n\n\n<p>Belediye i\u015f\u00e7ileri bu T\u0130S s\u00fcrecinde, b\u00f6ylece bir dizi ilke imza att\u0131lar. \u00dccret talebinin yan\u0131s\u0131ra, taban \u00fccreti, k\u0131dem fark\u0131, e\u015fit i\u015fe e\u015fit \u00fccret ve sosyal hak istemlerinin de ortak T\u0130S talepleri aras\u0131nda yer almas\u0131n\u0131 sa\u011flad\u0131lar.<\/p>\n\n\n\n<p>Bir di\u011fer ve daha \u00f6nemli ilk olarak da, daha \u00f6nceki T\u0130S s\u00fcre\u00e7lerinin d\u0131\u015f\u0131nda tutulan, T\u0130S s\u00fcre\u00e7lerinden haberdar bile olmayan belediye merkez binalar\u0131ndaki ofis i\u015f\u00e7ilerini ve kre\u015f m\u00fcd\u00fcrl\u00fckleri ba\u015fta olmak \u00fczere kad\u0131n i\u015f\u00e7ileri de s\u00fcrece kat\u0131lmas\u0131n\u0131 sa\u011flad\u0131lar. Belediyeler \u00f6n\u00fcnde \u201c\u0130stanbul S\u00f6zle\u015fmesi Ya\u015fat\u0131r\u201d eylemleri organize ederek Belediyelerdeki kad\u0131n i\u015f\u00e7ilerin de T\u0130S s\u00fcrecinde ve greve d\u00f6n\u00fck olarak aktifle\u015fmesini sa\u011flad\u0131lar.<\/p>\n\n\n\n<p>Belediyelerde, 2018\u2019de KHK ile ta\u015ferondan belediye \u015firketlerine ge\u00e7irilen i\u015f\u00e7ilerin gaspedilmi\u015f haklar\u0131 \u00f6nemli bir sorun olarak duruyor. Bu i\u015f\u00e7iler, 2 y\u0131ld\u0131r asgari \u00fccret art\u0131\u015flar\u0131n\u0131 bile alamad\u0131lar. Bir \u00e7o\u011funun \u00fccretleri \u015fu andaki yeni asgari \u00fccretin bile alt\u0131nda, \u00f6denmemi\u015f alacaklar\u0131 i\u015f\u00e7i ba\u015f\u0131na 50 bin liray\u0131 buluyor.<\/p>\n\n\n\n<p>Bir di\u011fer sorun, Pandemi s\u00fcrecinde a\u011f\u0131rla\u015fan \u00e7al\u0131\u015fma ko\u015fullar\u0131 ve \u00f6zellikle ila\u00e7lama ve yard\u0131m kolilerinin da\u011f\u0131t\u0131lmas\u0131nda \u00e7al\u0131\u015fan i\u015f\u00e7iler i\u00e7in yeterli i\u015f\u00e7i sa\u011fl\u0131\u011f\u0131 ve g\u00fcvenli\u011fi \u00f6nlemlerinin olmamas\u0131.<\/p>\n\n\n\n<p>CHP\u2019li belediyeler ise asgari \u00fccretin belirlenmesi s\u00fcrecinde, \u201cbiz belediyelerimizde 3 bin-3 200 lira asgari \u00fccret belirledik\u201d diye \u015fovlar yapmalar\u0131na kar\u015f\u0131n, belediye \u015firketlerinde mevcut resmi asgari \u00fccretin bile alt\u0131nda i\u015f\u00e7i \u00e7al\u0131\u015ft\u0131rd\u0131klar\u0131n\u0131 g\u00f6zlerden gizliyor.<\/p>\n\n\n\n<p>Belediye i\u015f\u00e7ilerinin m\u00fccadelesi, son d\u00f6nemde i\u015f\u00e7i s\u0131n\u0131f\u0131n\u0131n artan k\u0131p\u0131rt\u0131lar\u0131n\u0131n yeni bir halkas\u0131. T\u0130S s\u00fcrecine taban kat\u0131l\u0131m\u0131, kad\u0131n i\u015f\u00e7ilerin ve ofis i\u015f\u00e7ilerinin aktif kat\u0131l\u0131m\u0131, farkl\u0131 i\u015f\u00e7i kesimlerinin birlik ve dayan\u0131\u015fmas\u0131n\u0131n sa\u011flanmas\u0131, fiili i\u015f durdurma eylemleri, grevden \u00f6nce grev ate\u015flerinin yak\u0131lmas\u0131, grev kararl\u0131l\u0131\u011f\u0131 \u00f6nemli dinamikler.<\/p>\n\n\n\n<p>Belediye i\u015f\u00e7ilerinin grev kararl\u0131l\u0131\u011f\u0131yla s\u0131n\u0131f dayan\u0131\u015fmas\u0131na!<\/p>\n","protected":false},"excerpt":{"rendered":"<p>\u0130stanbul Kad\u0131k\u00f6y, Kartal ve Ata\u015fehir Belediyelerinde Fen \u0130\u015fleri ve d\u0131\u015f temizlik i\u015f\u00e7ileri bug\u00fcn 2 saat i\u015f durdurdular. Y\u00fczlerce i\u015f\u00e7i i\u015f durdurmay\u0131 i\u015f \u00e7\u0131k\u0131\u015f saatine kadar uzatarak, hava karar\u0131nca ate\u015fler yak\u0131p grev halaylar\u0131 \u00e7ektiler. Kad\u0131k\u00f6y, Kartal ve Ata\u015fehir Belediyelerinde T\u0130S s\u00fcrecinin t\u0131kanmas\u0131yla Genel-\u0130\u015f Sendikas\u0131 grev karar\u0131 alm\u0131\u015ft\u0131. Grev karar\u0131n\u0131n as\u0131lmas\u0131ndan sonra 60 g\u00fcnl\u00fck greve \u00e7\u0131kma s\u00fcresinin [&hellip;]<\/p>\n","protected":false},"author":1,"featured_media":0,"parent":6,"menu_order":1,"comment_status":"closed","ping_status":"closed","template":"","meta":{"footnotes":""},"class_list":["post-11","page","type-page","status-publish","hentry"],"_links":{"self":[{"href":"https:\/\/www.devrimciproletarya.net\/index.php?rest_route=\/wp\/v2\/pages\/11","targetHints":{"allow":["GET"]}}],"collection":[{"href":"https:\/\/www.devrimciproletarya.net\/index.php?rest_route=\/wp\/v2\/pages"}],"about":[{"href":"https:\/\/www.devrimciproletarya.net\/index.php?rest_route=\/wp\/v2\/types\/page"}],"author":[{"embeddable":true,"href":"https:\/\/www.devrimciproletarya.net\/index.php?rest_route=\/wp\/v2\/users\/1"}],"replies":[{"embeddable":true,"href":"https:\/\/www.devrimciproletarya.net\/index.php?rest_route=%2Fwp%2Fv2%2Fcomments&post=11"}],"version-history":[{"count":1,"href":"https:\/\/www.devrimciproletarya.net\/index.php?rest_route=\/wp\/v2\/pages\/11\/revisions"}],"predecessor-version":[{"id":12,"href":"https:\/\/www.devrimciproletarya.net\/index.php?rest_route=\/wp\/v2\/pages\/11\/revisions\/12"}],"up":[{"embeddable":true,"href":"https:\/\/www.devrimciproletarya.net\/index.php?rest_route=\/wp\/v2\/pages\/6"}],"wp:attachment":[{"href":"https:\/\/www.devrimciproletarya.net\/index.php?rest_route=%2Fwp%2Fv2%2Fmedia&parent=11"}],"curies":[{"name":"wp","href":"https:\/\/api.w.org\/{rel}","templated":true}]}}

İstanbul belediye işçilerinin grev kararlılığı!

<p>İstanbul Kadıköy, Kartal ve Ataşehir Belediyelerinde Fen İşleri ve dış temizlik işçileri bugün 2 saat iş durdurdular. Yüzlerce işçi iş durdurmayı iş çıkış saatine kadar uzatarak, hava kararınca ateşler yakıp grev halayları çektiler.</p>



<p>Kadıköy, Kartal ve Ataşehir Belediyelerinde TİS sürecinin tıkanmasıyla Genel-İş Sendikası grev kararı almıştı. Grev kararının asılmasından sonra 60 günlük greve çıkma süresinin dolmasına 3 gün kala, belediye işçileri de eylemlerini artırarak grev kararlılıklarını gösteriyor.</p>



<p>Belediye işçilerinin karşısında ise CHP’li belediyelerin geçen Eylül ayında kurduğu işveren sendikası SODEMSEN (Sosyal Demokrat Kamu İşverenleri Sendikası) var. 400 milyon lirayla kurulduğu söyleyen SODEMSEN’den sonra CHP’li belediyeler, kadrolu işçilerle 2018’de KHK’yle belediye şirketlerine geçirilen eski taşeron işçileri bölme, bazen bir bazen diğer işçi kesiminin ikramiye ve öğrenim paralarını ödememe gibi uygulamalar başlatmışlardı.</p>



<p>Buna karşılık 3 belediyeden işçi temsilcileri bir araya gelerek bir TİS ve sonra grev komitesi oluşturdular. Sendikacıların ödenmeyen işçi alacakları ve TİS için Belediye patronlarıyla yapacakları görüşmelerde işçi temsilcilerinin de yer almasını ve TİS taleplerinin işçiler tarafından belirlenmesini istediler ve bunu sağladılar.</p>



<p>Üç belediyeden bir araya gelen işyeri işçi temsilcileri, bir TİS taslağı hazırlayıp bunu sosyal medya platformları üzerinden tüm işçilere açtılar. Taslağın son şeklinin taban tarafından tartışılarak verilmesini sağladılar.</p>



<p>Belediye işçileri bu TİS sürecinde, böylece bir dizi ilke imza attılar. Ücret talebinin yanısıra, taban ücreti, kıdem farkı, eşit işe eşit ücret ve sosyal hak istemlerinin de ortak TİS talepleri arasında yer almasını sağladılar.</p>



<p>Bir diğer ve daha önemli ilk olarak da, daha önceki TİS süreçlerinin dışında tutulan, TİS süreçlerinden haberdar bile olmayan belediye merkez binalarındaki ofis işçilerini ve kreş müdürlükleri başta olmak üzere kadın işçileri de sürece katılmasını sağladılar. Belediyeler önünde “İstanbul Sözleşmesi Yaşatır” eylemleri organize ederek Belediyelerdeki kadın işçilerin de TİS sürecinde ve greve dönük olarak aktifleşmesini sağladılar.</p>



<p>Belediyelerde, 2018’de KHK ile taşerondan belediye şirketlerine geçirilen işçilerin gaspedilmiş hakları önemli bir sorun olarak duruyor. Bu işçiler, 2 yıldır asgari ücret artışlarını bile alamadılar. Bir çoğunun ücretleri şu andaki yeni asgari ücretin bile altında, ödenmemiş alacakları işçi başına 50 bin lirayı buluyor.</p>



<p>Bir diğer sorun, Pandemi sürecinde ağırlaşan çalışma koşulları ve özellikle ilaçlama ve yardım kolilerinin dağıtılmasında çalışan işçiler için yeterli işçi sağlığı ve güvenliği önlemlerinin olmaması.</p>



<p>CHP’li belediyeler ise asgari ücretin belirlenmesi sürecinde, “biz belediyelerimizde 3 bin-3 200 lira asgari ücret belirledik” diye şovlar yapmalarına karşın, belediye şirketlerinde mevcut resmi asgari ücretin bile altında işçi çalıştırdıklarını gözlerden gizliyor.</p>



<p>Belediye işçilerinin mücadelesi, son dönemde işçi sınıfının artan kıpırtılarının yeni bir halkası. TİS sürecine taban katılımı, kadın işçilerin ve ofis işçilerinin aktif katılımı, farklı işçi kesimlerinin birlik ve dayanışmasının sağlanması, fiili iş durdurma eylemleri, grevden önce grev ateşlerinin yakılması, grev kararlılığı önemli dinamikler.</p>



<p>Belediye işçilerinin grev kararlılığıyla sınıf dayanışmasına!</p>

<p>İstanbul Kadıköy, Kartal ve Ataşehir Belediyelerinde Fen İşleri ve dış temizlik işçileri bugün 2 saat iş durdurdular. Yüzlerce işçi iş durdurmayı iş çıkış saatine kadar uzatarak, hava kararınca ateşler yakıp grev halayları çektiler. Kadıköy, Kartal ve Ataşehir Belediyelerinde TİS sürecinin tıkanmasıyla Genel-İş Sendikası grev kararı almıştı. Grev kararının asılmasından sonra 60 günlük greve çıkma süresinin [&hellip;]</p>
